{"id":79,"date":"2025-03-01T19:59:48","date_gmt":"2025-03-01T22:59:48","guid":{"rendered":"http:\/\/localhost\/teste\/?page_id=79"},"modified":"2025-03-19T22:16:42","modified_gmt":"2025-03-20T01:16:42","slug":"apresentacao-antropologia","status":"publish","type":"page","link":"https:\/\/gabrielasilvasouza.com\/index.php\/apresentacao-antropologia\/","title":{"rendered":"Apresenta\u00e7\u00e3o Antropologia"},"content":{"rendered":"\t\t<div data-elementor-type=\"wp-page\" data-elementor-id=\"79\" class=\"elementor elementor-79\">\n\t\t\t\t<div class=\"elementor-element elementor-element-e4f0407 e-con-full elementor-hidden-tablet elementor-hidden-mobile e-flex e-con e-parent\" data-id=\"e4f0407\" data-element_type=\"container\">\n\t\t<div class=\"elementor-element elementor-element-a09b945 e-con-full elementor-hidden-tablet elementor-hidden-mobile e-flex e-con e-child\" data-id=\"a09b945\" data-element_type=\"container\" data-settings=\"{&quot;background_background&quot;:&quot;classic&quot;}\">\n\t\t\t\t<div class=\"elementor-element elementor-element-b00b23a elementor-pagination-position-inside elementor-widget__width-inherit elementor-arrows-position-inside elementor-widget elementor-widget-image-carousel\" data-id=\"b00b23a\" data-element_type=\"widget\" data-settings=\"{&quot;slides_to_show&quot;:&quot;1&quot;,&quot;navigation&quot;:&quot;both&quot;,&quot;autoplay&quot;:&quot;yes&quot;,&quot;pause_on_hover&quot;:&quot;yes&quot;,&quot;pause_on_interaction&quot;:&quot;yes&quot;,&quot;autoplay_speed&quot;:5000,&quot;infinite&quot;:&quot;yes&quot;,&quot;effect&quot;:&quot;slide&quot;,&quot;speed&quot;:500}\" data-widget_type=\"image-carousel.default\">\n\t\t\t\t<div class=\"elementor-widget-container\">\n\t\t\t\t\t\t\t<div class=\"elementor-image-carousel-wrapper swiper\" role=\"region\" aria-roledescription=\"carousel\" aria-label=\"Carrossel de imagens\" dir=\"ltr\">\n\t\t\t<div class=\"elementor-image-carousel swiper-wrapper swiper-image-stretch\" aria-live=\"off\">\n\t\t\t\t\t\t\t\t<div class=\"swiper-slide\" role=\"group\" aria-roledescription=\"slide\" aria-label=\"1 de 13\"><figure class=\"swiper-slide-inner\"><img decoding=\"async\" class=\"swiper-slide-image\" src=\"https:\/\/gabrielasilvasouza.com\/wp-content\/uploads\/2025\/03\/Trabalho-Final-de-Antropologia-e-Complexidades_GabrielaSilva_IngridNiara_NathaliaFreitas_PriscillaNery_page-0001.jpg\" alt=\"capa Apresenta\u00e7\u00e3o Antropologia\" \/><\/figure><\/div><div class=\"swiper-slide\" role=\"group\" aria-roledescription=\"slide\" aria-label=\"2 de 13\"><figure class=\"swiper-slide-inner\"><img decoding=\"async\" class=\"swiper-slide-image\" src=\"https:\/\/gabrielasilvasouza.com\/wp-content\/uploads\/2025\/03\/Trabalho-Final-de-Antropologia-e-Complexidades_GabrielaSilva_IngridNiara_NathaliaFreitas_PriscillaNery_page-0002.jpg\" alt=\"Sobre a Corthan\" \/><\/figure><\/div><div class=\"swiper-slide\" role=\"group\" aria-roledescription=\"slide\" aria-label=\"3 de 13\"><figure class=\"swiper-slide-inner\"><img decoding=\"async\" class=\"swiper-slide-image\" src=\"https:\/\/gabrielasilvasouza.com\/wp-content\/uploads\/2025\/03\/Trabalho-Final-de-Antropologia-e-Complexidades_GabrielaSilva_IngridNiara_NathaliaFreitas_PriscillaNery_page-0003.jpg\" alt=\"Prints com mat\u00e9rias de algumas marcas do vestu\u00e1rio\" \/><\/figure><\/div><div class=\"swiper-slide\" role=\"group\" aria-roledescription=\"slide\" aria-label=\"4 de 13\"><figure class=\"swiper-slide-inner\"><img decoding=\"async\" class=\"swiper-slide-image\" src=\"https:\/\/gabrielasilvasouza.com\/wp-content\/uploads\/2025\/03\/apropriacao_cultural_direitos_humanos_racismo.jpg\" alt=\"Apropria\u00e7ao Cultural, Direitos Humanos e Racismo\" \/><\/figure><\/div><div class=\"swiper-slide\" role=\"group\" aria-roledescription=\"slide\" aria-label=\"5 de 13\"><figure class=\"swiper-slide-inner\"><img decoding=\"async\" class=\"swiper-slide-image\" src=\"https:\/\/gabrielasilvasouza.com\/wp-content\/uploads\/2025\/03\/Trabalho-Final-de-Antropologia-e-Complexidades_GabrielaSilva_IngridNiara_NathaliaFreitas_PriscillaNery_page-0005.jpg\" alt=\"Apropria\u00e7\u00e3o Cultural\" \/><\/figure><\/div><div class=\"swiper-slide\" role=\"group\" aria-roledescription=\"slide\" aria-label=\"6 de 13\"><figure class=\"swiper-slide-inner\"><img decoding=\"async\" class=\"swiper-slide-image\" src=\"https:\/\/gabrielasilvasouza.com\/wp-content\/uploads\/2025\/03\/Trabalho-Final-de-Antropologia-e-Complexidades_GabrielaSilva_IngridNiara_NathaliaFreitas_PriscillaNery_page-0006.jpg\" alt=\"Viola\u00e7\u00e3o dos Direitos Humanos\" \/><\/figure><\/div><div class=\"swiper-slide\" role=\"group\" aria-roledescription=\"slide\" aria-label=\"7 de 13\"><figure class=\"swiper-slide-inner\"><img decoding=\"async\" class=\"swiper-slide-image\" src=\"https:\/\/gabrielasilvasouza.com\/wp-content\/uploads\/2025\/03\/Trabalho-Final-de-Antropologia-e-Complexidades_GabrielaSilva_IngridNiara_NathaliaFreitas_PriscillaNery_page-0007.jpg\" alt=\"Racismo\" \/><\/figure><\/div><div class=\"swiper-slide\" role=\"group\" aria-roledescription=\"slide\" aria-label=\"8 de 13\"><figure class=\"swiper-slide-inner\"><img decoding=\"async\" class=\"swiper-slide-image\" src=\"https:\/\/gabrielasilvasouza.com\/wp-content\/uploads\/2025\/03\/Trabalho-Final-de-Antropologia-e-Complexidades_GabrielaSilva_IngridNiara_NathaliaFreitas_PriscillaNery_page-0008.jpg\" alt=\"Comprometimento da Corthan com as causas sociais\" \/><\/figure><\/div><div class=\"swiper-slide\" role=\"group\" aria-roledescription=\"slide\" aria-label=\"9 de 13\"><figure class=\"swiper-slide-inner\"><img decoding=\"async\" class=\"swiper-slide-image\" src=\"https:\/\/gabrielasilvasouza.com\/wp-content\/uploads\/2025\/03\/Trabalho-Final-de-Antropologia-e-Complexidades_GabrielaSilva_IngridNiara_NathaliaFreitas_PriscillaNery_page-0009.jpg\" alt=\"Contra a Viol\u00eancia contra a mulher\" \/><\/figure><\/div><div class=\"swiper-slide\" role=\"group\" aria-roledescription=\"slide\" aria-label=\"10 de 13\"><figure class=\"swiper-slide-inner\"><img decoding=\"async\" class=\"swiper-slide-image\" src=\"https:\/\/gabrielasilvasouza.com\/wp-content\/uploads\/2025\/03\/Trabalho-Final-de-Antropologia-e-Complexidades_GabrielaSilva_IngridNiara_NathaliaFreitas_PriscillaNery_page-0010.jpg\" alt=\"Posicionamento da Corthan\" \/><\/figure><\/div><div class=\"swiper-slide\" role=\"group\" aria-roledescription=\"slide\" aria-label=\"11 de 13\"><figure class=\"swiper-slide-inner\"><img decoding=\"async\" class=\"swiper-slide-image\" src=\"https:\/\/gabrielasilvasouza.com\/wp-content\/uploads\/2025\/03\/Trabalho-Final-de-Antropologia-e-Complexidades_GabrielaSilva_IngridNiara_NathaliaFreitas_PriscillaNery_page-0011.jpg\" alt=\"A\u00e7\u00f5es pr\u00e1ticas e efetivas contra a viol\u00eancia contra a mulher\" \/><\/figure><\/div><div class=\"swiper-slide\" role=\"group\" aria-roledescription=\"slide\" aria-label=\"12 de 13\"><figure class=\"swiper-slide-inner\"><img decoding=\"async\" class=\"swiper-slide-image\" src=\"https:\/\/gabrielasilvasouza.com\/wp-content\/uploads\/2025\/03\/Trabalho-Final-de-Antropologia-e-Complexidades_GabrielaSilva_IngridNiara_NathaliaFreitas_PriscillaNery_page-0012.jpg\" alt=\"A\u00e7\u00f5es contra a viol\u00eancia contra a mulher\" \/><\/figure><\/div><div class=\"swiper-slide\" role=\"group\" aria-roledescription=\"slide\" aria-label=\"13 de 13\"><figure class=\"swiper-slide-inner\"><img decoding=\"async\" class=\"swiper-slide-image\" src=\"https:\/\/gabrielasilvasouza.com\/wp-content\/uploads\/2025\/03\/Trabalho-Final-de-Antropologia-e-Complexidades_GabrielaSilva_IngridNiara_NathaliaFreitas_PriscillaNery_page-0013.jpg\" alt=\"A\u00e7\u00f5es contra a viol\u00eancia contra a mulher continua\u00e7\u00e3o\" \/><\/figure><\/div>\t\t\t<\/div>\n\t\t\t\t\t\t\t\t\t\t\t\t<div class=\"elementor-swiper-button elementor-swiper-button-prev\" role=\"button\" tabindex=\"0\">\n\t\t\t\t\t\t<svg aria-hidden=\"true\" class=\"e-font-icon-svg e-eicon-chevron-left\" viewBox=\"0 0 1000 1000\" xmlns=\"http:\/\/www.w3.org\/2000\/svg\"><path d=\"M646 125C629 125 613 133 604 142L308 442C296 454 292 471 292 487 292 504 296 521 308 533L604 854C617 867 629 875 646 875 663 875 679 871 692 858 704 846 713 829 713 812 713 796 708 779 692 767L438 487 692 225C700 217 708 204 708 187 708 171 704 154 692 142 675 129 663 125 646 125Z\"><\/path><\/svg>\t\t\t\t\t<\/div>\n\t\t\t\t\t<div class=\"elementor-swiper-button elementor-swiper-button-next\" role=\"button\" tabindex=\"0\">\n\t\t\t\t\t\t<svg aria-hidden=\"true\" class=\"e-font-icon-svg e-eicon-chevron-right\" viewBox=\"0 0 1000 1000\" xmlns=\"http:\/\/www.w3.org\/2000\/svg\"><path d=\"M696 533C708 521 713 504 713 487 713 471 708 454 696 446L400 146C388 133 375 125 354 125 338 125 325 129 313 142 300 154 292 171 292 187 292 204 296 221 308 233L563 492 304 771C292 783 288 800 288 817 288 833 296 850 308 863 321 871 338 875 354 875 371 875 388 867 400 854L696 533Z\"><\/path><\/svg>\t\t\t\t\t<\/div>\n\t\t\t\t\n\t\t\t\t\t\t\t\t\t<div class=\"swiper-pagination\"><\/div>\n\t\t\t\t\t\t\t\t\t<\/div>\n\t\t\t\t\t\t<\/div>\n\t\t\t\t<\/div>\n\t\t\t\t<\/div>\n\t\t\t\t<\/div>\n\t\t<div class=\"elementor-element elementor-element-3e68fff e-con-full elementor-hidden-desktop e-flex e-con e-parent\" data-id=\"3e68fff\" data-element_type=\"container\">\n\t\t<div class=\"elementor-element elementor-element-db3ddf4 e-con-full elementor-hidden-desktop e-flex e-con e-child\" data-id=\"db3ddf4\" data-element_type=\"container\">\n\t\t\t\t<div class=\"elementor-element elementor-element-9a9e5b7 elementor-widget elementor-widget-image\" data-id=\"9a9e5b7\" data-element_type=\"widget\" data-widget_type=\"image.default\">\n\t\t\t\t<div class=\"elementor-widget-container\">\n\t\t\t\t\t\t\t\t\t\t\t\t\t\t\t<img fetchpriority=\"high\" decoding=\"async\" width=\"1024\" height=\"576\" src=\"https:\/\/gabrielasilvasouza.com\/wp-content\/uploads\/2025\/03\/Trabalho-Final-de-Antropologia-e-Complexidades_GabrielaSilva_IngridNiara_NathaliaFreitas_PriscillaNery_page-0001.jpg\" class=\"attachment-large size-large wp-image-324\" alt=\"capa Apresenta\u00e7\u00e3o Antropologia\" \/>\t\t\t\t\t\t\t\t\t\t\t\t\t\t\t<\/div>\n\t\t\t\t<\/div>\n\t\t\t\t<\/div>\n\t\t\t\t<\/div>\n\t\t<div class=\"elementor-element elementor-element-30b1a5c e-con-full elementor-hidden-desktop e-flex e-con e-parent\" data-id=\"30b1a5c\" data-element_type=\"container\">\n\t\t<div class=\"elementor-element elementor-element-6deabb3 e-con-full elementor-hidden-desktop e-flex e-con e-child\" data-id=\"6deabb3\" data-element_type=\"container\">\n\t\t\t\t<div class=\"elementor-element elementor-element-9f4f23b elementor-widget elementor-widget-image\" data-id=\"9f4f23b\" data-element_type=\"widget\" data-widget_type=\"image.default\">\n\t\t\t\t<div class=\"elementor-widget-container\">\n\t\t\t\t\t\t\t\t\t\t\t\t\t\t\t<img decoding=\"async\" width=\"1024\" height=\"576\" src=\"https:\/\/gabrielasilvasouza.com\/wp-content\/uploads\/2025\/03\/Trabalho-Final-de-Antropologia-e-Complexidades_GabrielaSilva_IngridNiara_NathaliaFreitas_PriscillaNery_page-0002.jpg\" class=\"attachment-large size-large wp-image-326\" alt=\"Sobre a Corthan\" \/>\t\t\t\t\t\t\t\t\t\t\t\t\t\t\t<\/div>\n\t\t\t\t<\/div>\n\t\t\t\t<\/div>\n\t\t\t\t<\/div>\n\t\t<div class=\"elementor-element elementor-element-51748fa e-con-full elementor-hidden-desktop e-flex e-con e-parent\" data-id=\"51748fa\" data-element_type=\"container\">\n\t\t<div class=\"elementor-element elementor-element-14e77a9 e-con-full elementor-hidden-desktop e-flex e-con e-child\" data-id=\"14e77a9\" data-element_type=\"container\">\n\t\t\t\t<div class=\"elementor-element elementor-element-95ea741 elementor-widget elementor-widget-image\" data-id=\"95ea741\" data-element_type=\"widget\" data-widget_type=\"image.default\">\n\t\t\t\t<div class=\"elementor-widget-container\">\n\t\t\t\t\t\t\t\t\t\t\t\t\t\t\t<img decoding=\"async\" width=\"1024\" height=\"576\" src=\"https:\/\/gabrielasilvasouza.com\/wp-content\/uploads\/2025\/03\/Trabalho-Final-de-Antropologia-e-Complexidades_GabrielaSilva_IngridNiara_NathaliaFreitas_PriscillaNery_page-0003.jpg\" class=\"attachment-large size-large wp-image-327\" alt=\"Prints com mat\u00e9rias de algumas marcas do vestu\u00e1rio\" \/>\t\t\t\t\t\t\t\t\t\t\t\t\t\t\t<\/div>\n\t\t\t\t<\/div>\n\t\t\t\t<\/div>\n\t\t\t\t<\/div>\n\t\t<div class=\"elementor-element elementor-element-d392382 e-con-full elementor-hidden-desktop e-flex e-con e-parent\" data-id=\"d392382\" data-element_type=\"container\">\n\t\t<div class=\"elementor-element elementor-element-f0b7f98 e-con-full elementor-hidden-desktop e-flex e-con e-child\" data-id=\"f0b7f98\" data-element_type=\"container\">\n\t\t\t\t<div class=\"elementor-element elementor-element-912465f elementor-widget elementor-widget-image\" data-id=\"912465f\" data-element_type=\"widget\" data-widget_type=\"image.default\">\n\t\t\t\t<div class=\"elementor-widget-container\">\n\t\t\t\t\t\t\t\t\t\t\t\t\t\t\t<img loading=\"lazy\" decoding=\"async\" width=\"960\" height=\"540\" src=\"https:\/\/gabrielasilvasouza.com\/wp-content\/uploads\/2025\/03\/Apresentacao-sem-titulo-3.jpg\" class=\"attachment-large size-large wp-image-328\" alt=\"P\u00e1gina de abertura com uma pergunta sobre Apropria\u00e7\u00e3o Cultural, Viola\u00e7\u00e3o dos Direitos Humanos e Racismo\" \/>\t\t\t\t\t\t\t\t\t\t\t\t\t\t\t<\/div>\n\t\t\t\t<\/div>\n\t\t\t\t<\/div>\n\t\t\t\t<\/div>\n\t\t<div class=\"elementor-element elementor-element-218fc3c e-con-full elementor-hidden-desktop e-flex e-con e-parent\" data-id=\"218fc3c\" data-element_type=\"container\">\n\t\t<div class=\"elementor-element elementor-element-183ed56 e-con-full elementor-hidden-desktop e-flex e-con e-child\" data-id=\"183ed56\" data-element_type=\"container\">\n\t\t\t\t<div class=\"elementor-element elementor-element-04908c8 elementor-widget elementor-widget-image\" data-id=\"04908c8\" data-element_type=\"widget\" data-widget_type=\"image.default\">\n\t\t\t\t<div class=\"elementor-widget-container\">\n\t\t\t\t\t\t\t\t\t\t\t\t\t\t\t<img loading=\"lazy\" decoding=\"async\" width=\"1024\" height=\"576\" src=\"https:\/\/gabrielasilvasouza.com\/wp-content\/uploads\/2025\/03\/Trabalho-Final-de-Antropologia-e-Complexidades_GabrielaSilva_IngridNiara_NathaliaFreitas_PriscillaNery_page-0005.jpg\" class=\"attachment-large size-large wp-image-329\" alt=\"Apropria\u00e7\u00e3o Cultural\" \/>\t\t\t\t\t\t\t\t\t\t\t\t\t\t\t<\/div>\n\t\t\t\t<\/div>\n\t\t\t\t<\/div>\n\t\t\t\t<\/div>\n\t\t<div class=\"elementor-element elementor-element-9a9901c e-con-full elementor-hidden-desktop e-flex e-con e-parent\" data-id=\"9a9901c\" data-element_type=\"container\">\n\t\t<div class=\"elementor-element elementor-element-ab2381a e-con-full elementor-hidden-desktop e-flex e-con e-child\" data-id=\"ab2381a\" data-element_type=\"container\">\n\t\t\t\t<div class=\"elementor-element elementor-element-d56cf86 elementor-widget elementor-widget-image\" data-id=\"d56cf86\" data-element_type=\"widget\" data-widget_type=\"image.default\">\n\t\t\t\t<div class=\"elementor-widget-container\">\n\t\t\t\t\t\t\t\t\t\t\t\t\t\t\t<img loading=\"lazy\" decoding=\"async\" width=\"1024\" height=\"576\" src=\"https:\/\/gabrielasilvasouza.com\/wp-content\/uploads\/2025\/03\/Trabalho-Final-de-Antropologia-e-Complexidades_GabrielaSilva_IngridNiara_NathaliaFreitas_PriscillaNery_page-0006.jpg\" class=\"attachment-large size-large wp-image-330\" alt=\"Viola\u00e7\u00e3o dos Direitos Humanos\" \/>\t\t\t\t\t\t\t\t\t\t\t\t\t\t\t<\/div>\n\t\t\t\t<\/div>\n\t\t\t\t<\/div>\n\t\t\t\t<\/div>\n\t\t<div class=\"elementor-element elementor-element-5b1344c e-con-full elementor-hidden-desktop e-flex e-con e-parent\" data-id=\"5b1344c\" data-element_type=\"container\">\n\t\t<div class=\"elementor-element elementor-element-3c7f055 e-con-full elementor-hidden-desktop e-flex e-con e-child\" data-id=\"3c7f055\" data-element_type=\"container\">\n\t\t\t\t<div class=\"elementor-element elementor-element-b0625a4 elementor-widget elementor-widget-image\" data-id=\"b0625a4\" data-element_type=\"widget\" data-widget_type=\"image.default\">\n\t\t\t\t<div class=\"elementor-widget-container\">\n\t\t\t\t\t\t\t\t\t\t\t\t\t\t\t<img loading=\"lazy\" decoding=\"async\" width=\"1024\" height=\"576\" src=\"https:\/\/gabrielasilvasouza.com\/wp-content\/uploads\/2025\/03\/Trabalho-Final-de-Antropologia-e-Complexidades_GabrielaSilva_IngridNiara_NathaliaFreitas_PriscillaNery_page-0007.jpg\" class=\"attachment-large size-large wp-image-331\" alt=\"Racismo\" \/>\t\t\t\t\t\t\t\t\t\t\t\t\t\t\t<\/div>\n\t\t\t\t<\/div>\n\t\t\t\t<\/div>\n\t\t\t\t<\/div>\n\t\t<div class=\"elementor-element elementor-element-66be966 e-con-full elementor-hidden-desktop e-flex e-con e-parent\" data-id=\"66be966\" data-element_type=\"container\">\n\t\t<div class=\"elementor-element elementor-element-a732ee0 e-con-full elementor-hidden-desktop e-flex e-con e-child\" data-id=\"a732ee0\" data-element_type=\"container\">\n\t\t\t\t<div class=\"elementor-element elementor-element-7c3a950 elementor-widget elementor-widget-image\" data-id=\"7c3a950\" data-element_type=\"widget\" data-widget_type=\"image.default\">\n\t\t\t\t<div class=\"elementor-widget-container\">\n\t\t\t\t\t\t\t\t\t\t\t\t\t\t\t<img loading=\"lazy\" decoding=\"async\" width=\"1024\" height=\"576\" src=\"https:\/\/gabrielasilvasouza.com\/wp-content\/uploads\/2025\/03\/Trabalho-Final-de-Antropologia-e-Complexidades_GabrielaSilva_IngridNiara_NathaliaFreitas_PriscillaNery_page-0008.jpg\" class=\"attachment-large size-large wp-image-332\" alt=\"Comprometimento da Corthan com as causas sociais\" \/>\t\t\t\t\t\t\t\t\t\t\t\t\t\t\t<\/div>\n\t\t\t\t<\/div>\n\t\t\t\t<\/div>\n\t\t\t\t<\/div>\n\t\t<div class=\"elementor-element elementor-element-2f2ce5e e-con-full elementor-hidden-desktop e-flex e-con e-parent\" data-id=\"2f2ce5e\" data-element_type=\"container\">\n\t\t<div class=\"elementor-element elementor-element-b7a0094 e-con-full elementor-hidden-desktop e-flex e-con e-child\" data-id=\"b7a0094\" data-element_type=\"container\">\n\t\t\t\t<div class=\"elementor-element elementor-element-18925a6 elementor-widget elementor-widget-image\" data-id=\"18925a6\" data-element_type=\"widget\" data-widget_type=\"image.default\">\n\t\t\t\t<div class=\"elementor-widget-container\">\n\t\t\t\t\t\t\t\t\t\t\t\t\t\t\t<img loading=\"lazy\" decoding=\"async\" width=\"1024\" height=\"576\" src=\"https:\/\/gabrielasilvasouza.com\/wp-content\/uploads\/2025\/03\/Trabalho-Final-de-Antropologia-e-Complexidades_GabrielaSilva_IngridNiara_NathaliaFreitas_PriscillaNery_page-0009.jpg\" class=\"attachment-large size-large wp-image-336\" alt=\"Contra a Viol\u00eancia contra a mulher\" \/>\t\t\t\t\t\t\t\t\t\t\t\t\t\t\t<\/div>\n\t\t\t\t<\/div>\n\t\t\t\t<\/div>\n\t\t\t\t<\/div>\n\t\t<div class=\"elementor-element elementor-element-968d80d e-con-full elementor-hidden-desktop e-flex e-con e-parent\" data-id=\"968d80d\" data-element_type=\"container\">\n\t\t<div class=\"elementor-element elementor-element-f159bdc e-con-full elementor-hidden-desktop e-flex e-con e-child\" data-id=\"f159bdc\" data-element_type=\"container\">\n\t\t\t\t<div class=\"elementor-element elementor-element-9ab2145 elementor-widget elementor-widget-image\" data-id=\"9ab2145\" data-element_type=\"widget\" data-widget_type=\"image.default\">\n\t\t\t\t<div class=\"elementor-widget-container\">\n\t\t\t\t\t\t\t\t\t\t\t\t\t\t\t<img loading=\"lazy\" decoding=\"async\" width=\"1024\" height=\"576\" src=\"https:\/\/gabrielasilvasouza.com\/wp-content\/uploads\/2025\/03\/Trabalho-Final-de-Antropologia-e-Complexidades_GabrielaSilva_IngridNiara_NathaliaFreitas_PriscillaNery_page-0010.jpg\" class=\"attachment-large size-large wp-image-338\" alt=\"Posicionamento da Corthan\" \/>\t\t\t\t\t\t\t\t\t\t\t\t\t\t\t<\/div>\n\t\t\t\t<\/div>\n\t\t\t\t<\/div>\n\t\t\t\t<\/div>\n\t\t<div class=\"elementor-element elementor-element-ee6e442 e-con-full elementor-hidden-desktop e-flex e-con e-parent\" data-id=\"ee6e442\" data-element_type=\"container\">\n\t\t<div class=\"elementor-element elementor-element-d8c87ee e-con-full elementor-hidden-desktop e-flex e-con e-child\" data-id=\"d8c87ee\" data-element_type=\"container\">\n\t\t\t\t<div class=\"elementor-element elementor-element-9e9ff8f elementor-widget elementor-widget-image\" data-id=\"9e9ff8f\" data-element_type=\"widget\" data-widget_type=\"image.default\">\n\t\t\t\t<div class=\"elementor-widget-container\">\n\t\t\t\t\t\t\t\t\t\t\t\t\t\t\t<img loading=\"lazy\" decoding=\"async\" width=\"1024\" height=\"576\" src=\"https:\/\/gabrielasilvasouza.com\/wp-content\/uploads\/2025\/03\/Trabalho-Final-de-Antropologia-e-Complexidades_GabrielaSilva_IngridNiara_NathaliaFreitas_PriscillaNery_page-0011.jpg\" class=\"attachment-large size-large wp-image-339\" alt=\"A\u00e7\u00f5es pr\u00e1ticas e efetivas contra a viol\u00eancia contra a mulher\" \/>\t\t\t\t\t\t\t\t\t\t\t\t\t\t\t<\/div>\n\t\t\t\t<\/div>\n\t\t\t\t<\/div>\n\t\t\t\t<\/div>\n\t\t<div class=\"elementor-element elementor-element-e941776 e-con-full elementor-hidden-desktop e-flex e-con e-parent\" data-id=\"e941776\" data-element_type=\"container\">\n\t\t<div class=\"elementor-element elementor-element-8a166bc e-con-full elementor-hidden-desktop e-flex e-con e-child\" data-id=\"8a166bc\" data-element_type=\"container\">\n\t\t\t\t<div class=\"elementor-element elementor-element-c09d17b elementor-widget elementor-widget-image\" data-id=\"c09d17b\" data-element_type=\"widget\" data-widget_type=\"image.default\">\n\t\t\t\t<div class=\"elementor-widget-container\">\n\t\t\t\t\t\t\t\t\t\t\t\t\t\t\t<img loading=\"lazy\" decoding=\"async\" width=\"1024\" height=\"576\" src=\"https:\/\/gabrielasilvasouza.com\/wp-content\/uploads\/2025\/03\/Trabalho-Final-de-Antropologia-e-Complexidades_GabrielaSilva_IngridNiara_NathaliaFreitas_PriscillaNery_page-0012.jpg\" class=\"attachment-large size-large wp-image-341\" alt=\"A\u00e7\u00f5es contra a viol\u00eancia contra a mulher\" \/>\t\t\t\t\t\t\t\t\t\t\t\t\t\t\t<\/div>\n\t\t\t\t<\/div>\n\t\t\t\t<\/div>\n\t\t\t\t<\/div>\n\t\t<div class=\"elementor-element elementor-element-2b37f5c e-con-full elementor-hidden-desktop e-flex e-con e-parent\" data-id=\"2b37f5c\" data-element_type=\"container\">\n\t\t<div class=\"elementor-element elementor-element-05feb6e e-con-full elementor-hidden-desktop e-flex e-con e-child\" data-id=\"05feb6e\" data-element_type=\"container\">\n\t\t\t\t<div class=\"elementor-element elementor-element-004b0a6 elementor-widget elementor-widget-image\" data-id=\"004b0a6\" data-element_type=\"widget\" data-widget_type=\"image.default\">\n\t\t\t\t<div class=\"elementor-widget-container\">\n\t\t\t\t\t\t\t\t\t\t\t\t\t\t\t<img loading=\"lazy\" decoding=\"async\" width=\"1024\" height=\"576\" src=\"https:\/\/gabrielasilvasouza.com\/wp-content\/uploads\/2025\/03\/Trabalho-Final-de-Antropologia-e-Complexidades_GabrielaSilva_IngridNiara_NathaliaFreitas_PriscillaNery_page-0013.jpg\" class=\"attachment-large size-large wp-image-340\" alt=\"A\u00e7\u00f5es contra a viol\u00eancia contra a mulher continua\u00e7\u00e3o\" \/>\t\t\t\t\t\t\t\t\t\t\t\t\t\t\t<\/div>\n\t\t\t\t<\/div>\n\t\t\t\t<\/div>\n\t\t\t\t<\/div>\n\t\t\t\t<\/div>\n\t\t","protected":false},"excerpt":{"rendered":"","protected":false},"author":1,"featured_media":0,"parent":0,"menu_order":0,"comment_status":"closed","ping_status":"closed","template":"","meta":{"site-sidebar-layout":"no-sidebar","site-content-layout":"","ast-site-content-layout":"full-width-container","site-content-style":"default","site-sidebar-style":"default","ast-global-header-display":"","ast-banner-title-visibility":"","ast-main-header-display":"","ast-hfb-above-header-display":"","ast-hfb-below-header-display":"","ast-hfb-mobile-header-display":"","site-post-title":"disabled","ast-breadcrumbs-content":"","ast-featured-img":"disabled","footer-sml-layout":"","theme-transparent-header-meta":"","adv-header-id-meta":"","stick-header-meta":"","header-above-stick-meta":"","header-main-stick-meta":"","header-below-stick-meta":"","astra-migrate-meta-layouts":"default","ast-page-background-enabled":"default","ast-page-background-meta":{"desktop":{"background-color":"var(--ast-global-color-5)","background-image":"","background-repeat":"repeat","background-position":"center center","background-size":"auto","background-attachment":"scroll","background-type":"","background-media":"","overlay-type":"","overlay-color":"","overlay-opacity":"","overlay-gradient":""},"tablet":{"background-color":"","background-image":"","background-repeat":"repeat","background-position":"center center","background-size":"auto","background-attachment":"scroll","background-type":"","background-media":"","overlay-type":"","overlay-color":"","overlay-opacity":"","overlay-gradient":""},"mobile":{"background-color":"","background-image":"","background-repeat":"repeat","background-position":"center center","background-size":"auto","background-attachment":"scroll","background-type":"","background-media":"","overlay-type":"","overlay-color":"","overlay-opacity":"","overlay-gradient":""}},"ast-content-background-meta":{"desktop":{"background-color":"var(--ast-global-color-4)","background-image":"","background-repeat":"repeat","background-position":"center center","background-size":"auto","background-attachment":"scroll","background-type":"","background-media":"","overlay-type":"","overlay-color":"","overlay-opacity":"","overlay-gradient":""},"tablet":{"background-color":"var(--ast-global-color-4)","background-image":"","background-repeat":"repeat","background-position":"center center","background-size":"auto","background-attachment":"scroll","background-type":"","background-media":"","overlay-type":"","overlay-color":"","overlay-opacity":"","overlay-gradient":""},"mobile":{"background-color":"var(--ast-global-color-4)","background-image":"","background-repeat":"repeat","background-position":"center center","background-size":"auto","background-attachment":"scroll","background-type":"","background-media":"","overlay-type":"","overlay-color":"","overlay-opacity":"","overlay-gradient":""}},"footnotes":""},"class_list":["post-79","page","type-page","status-publish","hentry"],"_links":{"self":[{"href":"https:\/\/gabrielasilvasouza.com\/index.php\/wp-json\/wp\/v2\/pages\/79","targetHints":{"allow":["GET"]}}],"collection":[{"href":"https:\/\/gabrielasilvasouza.com\/index.php\/wp-json\/wp\/v2\/pages"}],"about":[{"href":"https:\/\/gabrielasilvasouza.com\/index.php\/wp-json\/wp\/v2\/types\/page"}],"author":[{"embeddable":true,"href":"https:\/\/gabrielasilvasouza.com\/index.php\/wp-json\/wp\/v2\/users\/1"}],"replies":[{"embeddable":true,"href":"https:\/\/gabrielasilvasouza.com\/index.php\/wp-json\/wp\/v2\/comments?post=79"}],"version-history":[{"count":58,"href":"https:\/\/gabrielasilvasouza.com\/index.php\/wp-json\/wp\/v2\/pages\/79\/revisions"}],"predecessor-version":[{"id":1101,"href":"https:\/\/gabrielasilvasouza.com\/index.php\/wp-json\/wp\/v2\/pages\/79\/revisions\/1101"}],"wp:attachment":[{"href":"https:\/\/gabrielasilvasouza.com\/index.php\/wp-json\/wp\/v2\/media?parent=79"}],"curies":[{"name":"wp","href":"https:\/\/api.w.org\/{rel}","templated":true}]}}